be (2 - -1) + 0 + -87. Let w be (-10)/4*d/15. Let s(i) = i + 4. What are the prime factors of s(w)?
2, 3
Suppose 0*u = -2*u. Suppose u = 5*l + 39 - 564. What are the prime factors of l?
3, 5, 7
Let t(g) = g**3. Let r be t(2). Let a(l) = -l**2 + 2*l - 3. Let u be a(5). Let y = r - u. What are the prime factors of y?
2, 13
Let p(k) = k**3 + 2*k + 2. Let h be p(3). List the prime factors of 485/7 + (-10)/h.
3, 23
List the prime factors of 2078 + -2 - (0 + (-5 - 0)).
2081
Let k(m) = -3*m**2 + 11*m + 27. Let h be k(-8). Let p = 24 - h. List the prime factors of p.
277
Let j be (1 - -1)*18/(-4). Let w be (0 - 3)/(j/342). Let y = w + -55. List the prime factors of y.
59
Let v(l) = -2 + l**3 + 6*l**2 + l - 9*l**2 - 4 + 0. What are the prime factors of v(5)?
7
Let h(y) be the first derivative of 4*y**3/3 - 15*y**2/2 + 27*y - 19. What are the prime factors of h(10)?
277
Suppose -64 + 40 = -m. What are the prime factors of 300/5*42/m?
3, 5, 7
Let t = 2 - 2. Suppose 0 = -5*g - t*g + 1540. What are the prime factors of 6/30 - g/(-10)?
31
Let a(z) = 50*z**2 - 22*z - 20. What are the prime factors of a(-4)?
2, 7, 31
Let c(n) = 28*n**2 - 2*n + 2. Let q(k) = 1. Let h(t) = c(t) - 3*q(t). Suppose -r = 2*r + 3. List the prime factors of h(r).
29
Suppose s + 1 = 5. Suppose s*b - 309 = 27. Suppose -t + 5*p = -3, -b = -5*t + 3*p - p. What are the prime factors of t?
2, 3
Let v(d) = -3*d**3 - 6*d**2 + 11*d + 8. List the prime factors of v(-7).
2, 3, 37
Let y be (-1 - -1)*(2 - 1). Suppose y = 3*w - 0*w - 144. Let d = w + -21. What are the prime factors of d?
3
Suppose 29*j + 176 = 8992. What are the prime factors of j?
2, 19
Suppose 0 = 5*c - 1084 - 266. What are the prime factors of c?
2, 3, 5
Suppose -2*v + 5 = 15. Let u(w) = 4*w**2 + 3*w + 3. Let c be u(v). Suppose -2*y - c = -4*y. What are the prime factors of y?
2, 11
Let b = 832 - -94. List the prime factors of b.
2, 463
Let n(o) = 503*o + 186. List the prime factors of n(11).
7, 19, 43
Suppose 4*k - 378 = 3*n - n, -k - 2*n + 87 = 0. Suppose 9 = -b + k. What are the prime factors of b?
2, 3, 7
What are the prime factors of 39 + 2 + -4 + (12 - 3)?
2, 23
Let q(k) = 83*k**2 + 2*k - 1. Let a be q(1). Suppose l - a = -3*l. Suppose -l = -2*r - 2*w + 11, -3*r - 2*w + 43 = 0. What are the prime factors of r?
11
Let m(x) = x**2 + 2*x - 7. Let r be m(-4). Suppose 5*z + 315 = 5*d, d + 0*d - 258 = 4*z. List the prime factors of (r - 3)/(5/z).
2, 13
Let b(d) = 22*d**2 + d - 6. What are the prime factors of b(7)?
13, 83
Let p = 91 - 81. Let t(c) = 2*c**3 - 8*c**2 - 3*c - 1. Let b be t(6). Suppose 0 = -p*d + 5*d + b. What are the prime factors of d?
5
Let x(n) be the first derivative of n**2/2 + 9*n - 2. Let i be x(-6). Suppose 0 = -i*c + c + 36. What are the prime factors of c?
2, 3
Let a(c) = c + 29. Let k be a(-23). Suppose -k*m + 349 = -959. List the prime factors of m.
2, 109
Suppose -9*m + 1145 = -4*m. Suppose -z = -d + m, 901 = -3*d + 7*d - z. Suppose 3*l + 17 = d. What are the prime factors of l?
3, 23
Let n be 114/15 + 6/(-10). Let q(y) = 8*y**2 + 5*y + 7. Let h(p) = -9*p**2 - 6*p - 7. Let x(a) = n*q(a) + 6*h(a). List the prime factors of x(3).
2, 11
Let i(w) = -20*w - 129 - 127 + 252. List the prime factors of i(-5).
2, 3
Let b(u) = 404*u**2 - 32*u + 102. What are the prime factors of b(3)?
2, 3, 607
Let n = 324 - 121. What are the prime factors of n?
7, 29
Let y(s) be the second derivative of -3*s**3/2 - 29*s**2/2 + 19*s. List the prime factors of y(-5).
2
Let j = -1433 + 2078. What are the prime factors of j?
3, 5, 43
Let z(p) = 12*p - 51. Suppose -l + 0*l + 19 = 0. What are the prime factors of z(l)?
3, 59
Suppose 269 - 61 = 2*p. What are the prime factors of (p/(-16))/((-1)/50)?
5, 13
Let c(n) = -n**3 - 6*n**2 - 6*n - 3. Let m be c(-5). Suppose -m*u + 2*k = 47 - 181, -4*k = 5*u - 317. What are the prime factors of u?
5, 13
Suppose -5*u - 4250 = -22*u. What are the prime factors of u?
2, 5
Let n be (3686/57)/((24/9)/(-4)). Let k be 1*(-2)/(-2) - -140. Let j = n + k. List the prime factors of j.
2, 11
Suppose 5238 = 9*j - 12924. Suppose -j = -11*m + 545. What are the prime factors of m?
233
Suppose 5*c = -n + 19, -2*n + 0*c + 3*c - 1 = 0. Suppose 4*t - 163 = -2*l + 37, 0 = -4*l + n*t + 340. What are the prime factors of l?
2, 3, 5
Let h(w) = 10*w + 6. Let a(m) = m**3 + 5*m**2 - m + 3. Let l be a(-5). What are the prime factors of h(l)?
2, 43
What are the prime factors of (-10)/2 + (28 - -2610)?
2633
Suppose u = -61 - 2. Let m = u - -103. Suppose 4*l + 3*w = -w + 48, 3*l + w - m = 0. List the prime factors of l.
2, 7
Suppose -2254 = -17*p + 21852. What are the prime factors of p?
2, 709
Let u be 4*(4 + 15/(-6)). Let g = 90 - u. What are the prime factors of g?
2, 3, 7
Suppose 633 = d - 235. What are the prime factors of d?
2, 7, 31
Let o(w) = w + 2. Let z be o(0). Let u(f) = 41*f**2 + 4*f + 8. Let g be u(-6). What are the prime factors of g/30*3/z?
73
Let b = 12 + -32. Let p be 1/((-1)/b*4). Suppose -g = 5*u - 20, p*u - 16 = u - 5*g. What are the prime factors of u?
2
Let h be (-1374 - 0)*(-2)/(-4). What are the prime factors of h/(-15) - ((-22)/10 + 2)?
2, 23
Suppose -i + 736 = 4*j - 1693, -4*j + 2438 = -2*i. List the prime factors of j.
2, 19
Suppose 272 = 4*s + 92. Let j be 1638/s + (-4)/10. Suppose 4*m - 112 = -j. List the prime factors of m.
19
Let p = -7 + 8. Let l(q) = 5 - 1 + 1 + q - p. What are the prime factors of l(2)?
2, 3
Suppose 33*n = 32*n - 24. Let l = 26 + n. Suppose 0 = k - g - 35, 5*g - l*g = -3. List the prime factors of k.
2, 17
Suppose -2*w + 3 = -7. Let j(s) = 8 + 1 - s**2 - 4*s + 2*s**2 + 3. What are the prime factors of j(w)?
17
Suppose 3*r - 8*r = 25. Let a(g) = -g**3 - 4*g**2 + 6*g + 7. Let t be a(r). Suppose -t*o = -o - 13. What are the prime factors of o?
13
Let f(t) = t**3 - 41*t + 30*t - 5*t**2 + 18*t**2 - 27. List the prime factors of f(-13).
2, 29
Let o = 8 + -6. Let a(r) = 29*r - 4. Let i(f) = -29*f + 3. Let n(y) = 4*a(y) + 3*i(y). List the prime factors of n(o).
3, 17
Let k be (-10)/(-2)*4/10. Suppose 0 = k*d - 3*d - 3. What are the prime factors of d - (-162)/3 - 3?
2, 3
Suppose 7*b + 196 = 7672. List the prime factors of b.
2, 3, 89
Suppose 4*q - 437 = -101. Suppose 10*s - q = 3*s. List the prime factors of 1/4 + 357/s.
2, 3, 5
Suppose -3*d - 10 = -8*d. Suppose 1040 = 6*w + d*w. What are the prime factors of w?
2, 5, 13
Let q = 37 + -52. Suppose -10*r + 7*r - 5*h = -48, -5*h = -2*r + 57. Let x = r + q. What are the prime factors of x?
2, 3
Let x(t) be the third derivative of -t**4/12 + 8*t**3/3 + 2*t**2. What are the prime factors of x(-21)?
2, 29
Let q be (1*938)/(2 + -1). What are the prime factors of (-2)/8 - q/(-8)?
3, 13
Let n(i) be the second derivative of -i**5/20 - i**4/3 - 4*i**3/3 - 3*i**2/2 - i. Let b be n(-3). What are the prime factors of (-16)/(-16) + b*1?
13
Let x be (8/3 - 3)/(1/(-21)). List the prime factors of (-7648)/(-112) + (2 - 16/x).
2, 17
Suppose -2002 = -2*b - 2*k, -5*b + 2381 = -4*k - 2633. List the prime factors of b.
2, 3, 167
Suppose 124 = 9*k + 7. Suppose 9*x = k*x - 264. List the prime factors of x.
2, 3, 11
Let z(v) = -6*v**2 - 6*v + 8*v - 5*v**2 - 11*v - v**3 - 6. Let q be z(-10). What are the prime factors of (-112)/(-6) + q/24?
2, 3
Let g be -2 - (-1 - (24 - 0)). Let s = g + -17. Suppose -3*r - c + 110 = -s*c, -4 = 4*c. What are the prime factors of r?
5, 7
What are the prime factors of (-83)/(-5 + 39/8)?
2, 83
Let c be (2 - 1)*20/4. Suppose -4*d = -15 - c. Suppose -g + 10 = -2*u - 3*u, d*u = -g. What are the prime factors of g?
5
Let n = -93 + 160. Suppose n = -0*r + r. What are the prime factors of r?
67
Let d(x) = -125*x**3 - x**2 + 2*x + 2. Let l be d(-1). Let t = 217 - l. What are the prime factors of t?
3, 31
Let o(y) = 49*y**3 - 7*y**2 + 6*y + 6. What are the prime factors of o(4)?
2, 3, 509
Let k = -22 + 49. Suppose 0 = -30*d + k*d + 363. What are the prime factors of d?
11
Suppose 4*p = -3*o + 9002 + 1711, 3*p - 14284 = -4*o. List the prime factors of o.
3571
Suppose -11*h + 13*h - 132 = 0. What are the prime factors of h?
2, 3, 11
Let h be (2 - (-3)/2)*2. Let z be (-4)/h - 25/(-7). Suppose v - 6 = z*n + 8, -5*n = 3*v - 84. What are the prime factors of v?
23
Suppose 49*k - 38*k = 2926. What are the prime factors of k?
2, 7, 19
Sup